e greatest common factor of 17 and y?
17
Let z(o) = -3*o**3 + 47*o**2 - 35*o + 139. Let k be z(15). What is the highest common divisor of 3488 and k?
32
Let p = -358 + 732. Suppose -50 = 9*c - p. Calculate the highest common divisor of 48 and c.
12
Suppose 0*b - 5*b + 2457 = 3*n, 0 = -b - 2*n + 483. Calculate the greatest common factor of b and 99.
99
Let k(u) = -u**3 + 8*u**2 + 12*u - 3. Let n be k(9). Let v = -2898 - -6894. Let m be 18/21 + v/42. Calculate the greatest common factor of n and m.
24
Let m = 2112 - 1908. Calculate the highest common divisor of 663 and m.
51
Let u(z) = -13 + 2*z + 4 + 2*z**2 + 1. Let r be u(2). Let x be (-77)/(-1) - (r + -2). What is the greatest common divisor of 30 and x?
15
Suppose -76140 = 622*a - 730*a. What is the greatest common factor of a and 120?
15
Let m(u) = 4*u**2 - 6*u + 0*u**2 - 3*u**2 + 5*u + 2. Let v be m(2). Suppose -4*l + 3 = 7, v*l + 259 = 5*j. Calculate the highest common divisor of 3 and j.
3
Let p be ((-896)/84)/(4/(-12)). What is the highest common divisor of p and 62?
2
Let p = -10907 + 10916. Let i = 8 - -1. What is the greatest common divisor of p and i?
9
Let y(f) = -f**3 + 12*f**2 - 17*f - 6. Let n be y(8). Suppose 6*r = 11*r - 2*l - n, -93 = -4*r + l. What is the greatest common divisor of r and 344?
8
Let f(k) = -k**3 - 16*k**2 - 19*k - 24. Let o = 237 - 252. Let j be f(o). What is the greatest common factor of j and 24?
12
Let o be ((-182)/(-21) - 8)/(1/150). Suppose 0 = -2*l + 7*l - 5*r - 400, 0 = -3*r - 15. What is the greatest common factor of o and l?
25
Let t = -55569 + 55743. Let f be 0 - (-11 - (-1 - -2)). What is the highest common divisor of f and t?
6
Let u(w) = 26*w**2 + 25*w + 4. Let k be u(3). Let j = k + -256. Calculate the greatest common factor of 57 and j.
57
Suppose 99198 = -2695*s + 2717*s. What is the highest common factor of 81 and s?
27
Let r be (-29)/406 + 227943/126. Calculate the greatest common divisor of 27 and r.
27
Let n = 16514 - 16482. Calculate the highest common divisor of 1904 and n.
16
Suppose -z - x = -4*z + 254, -78 = -z - 3*x. Let t = z - 66. Suppose t = -6*u + 7*u. What is the greatest common factor of u and 12?
6
Let m = 5847 + -4422. What is the highest common divisor of m and 38?
19
Let p(i) be the first derivative of 43*i**4/4 + i**3/3 + i**2/2 + 2*i + 107. Let h be p(2). What is the greatest common divisor of h and 88?
88
Let f(g) = 62*g - 3632. Let u be f(66). Calculate the greatest common factor of 11408 and u.
92
Let q(y) = -38 + 88 + 16 + 2*y - 4*y. Let z be q(14). Calculate the highest common factor of 2 and z.
2
Let m be (300 + -308)*(-15)/4. What is the highest common factor of m and 24?
6
Suppose -168 = 632*z - 638*z. Calculate the greatest common divisor of z and 3584.
28
Suppose -135*o + 214*o - 312045 = -214*o. Calculate the greatest common factor of o and 9.
3
Let p(q) = -q**2 - 22*q + 44. Let m(g) = -4*g**2 - 88*g + 177. Let t(o) = 2*m(o) - 9*p(o). Let s be t(9). What is the highest common factor of s and 79?
79
Let s be (1 - (-21)/(-6))/(8/(-16)). Let a(i) = 9*i - 3 - s + 33 - 1. Let v be a(16). Calculate the greatest common divisor of 8 and v.
8
Let y(i) = 29*i**2 - 3*i - 2. Let n be y(2). Suppose -214*p - n = -217*p. What is the highest common divisor of p and 324?
36
Let t = -850 + 1088. Let n = 90 + -76. What is the highest common factor of t and n?
14
Suppose 123 = 4*c - 165. Suppose 2*z - 112 = 4*q, 5*z - 226 = q + c. What is the highest common divisor of 12 and z?
12
Suppose 3*a + 2 = 4*v, 8 = -2*a + v + 3*v. Suppose c + 137 = 5*f, -3*f + 25*c - 21*c = -89. What is the highest common factor of f and a?
3
Let g(h) = -h. Let b be g(1). Suppose k + 77*p = 73*p - 49, -5*p + 5 = 0. Let r = b - k. Calculate the greatest common factor of 4 and r.
4
Let m(d) = -2*d**2 - 11*d - 3. Let y be m(-5). Let z = -47 - -61. Suppose -y + z = n. What is the greatest common divisor of 96 and n?
12
Let r(a) = 2*a**2 - 10*a - 9. Let t be r(6). Let z(b) = -15*b - 1. Let j be z(-2). Let x = j - t. Calculate the greatest common divisor of 39 and x.
13
Let w(n) = -3*n - 31. Let r be ((-63)/9 + 8)*29/(-1). Let k be w(r). Calculate the highest common factor of 504 and k.
56
Let g be (1 - -8)/(78/(-87) - -1). What is the greatest common factor of 1450 and g?
29
Suppose 0 = -6*i - 199 + 2023. Let g = i + 101. What is the greatest common factor of 15 and g?
15
Suppose 15 = 2*c - 4*q + 3*q, 2*c - 5*q - 3 = 0. What is the greatest common factor of c and 2343?
3
Let l = -6216 - -6885. What is the highest common factor of l and 6?
3
Let v be (-36)/(-24)*(113/(-9))/(2/(-276)). Calculate the greatest common divisor of v and 565.
113
Let u be (130/4 - 0)*2. Let g be (6 + 90/15)*234/27. What is the greatest common factor of g and u?
13
Let g = 38192 + -21894. Calculate the highest common factor of 58 and g.
58
Let x = 27 + -23. Suppose 20 = -m + 6*m, 5*m + 48 = x*s. Suppose 21*q = s*q + 24. What is the greatest common factor of 12 and q?
6
Let w = -21 - -26. Suppose 7 + 5 = 3*r. Suppose -o - v = o - 83, r*v + 108 = 3*o. Calculate the greatest common divisor of w and o.
5
Suppose 0*o - 2*o = -34. Let t(x) = x**2 + 48*x - 18. Let p be t(6). Calculate the highest common divisor of p and o.
17
Let b = -1426 + 2232. Calculate the highest common factor of b and 496.
62
Let u = 38 - 40. Let o be -1 + 3 - (u - 108). Let c be (-8 - -7)/(((-10)/o)/5). Calculate the highest common factor of c and 7.
7
Let d = -3141 + 3183. Let a be 2 - (1 - 1) - -376. What is the greatest common factor of d and a?
42
Let p(u) = -85*u + 85. Let w be p(-9). Calculate the greatest common factor of 125 and w.
25
Suppose 0 = -2*v + v + 4, -5*v = -x + 741. Let k = -321 + x. Suppose -10*z + 5*z = -k. What is the greatest common factor of z and 8?
8
Let s = -4756 + 5064. Calculate the highest common factor of s and 44.
44
Let l(d) be the first derivative of 20*d - 1/3*d**3 - 15/2*d**2 - 13. Let i be l(-12). What is the greatest common factor of 8 and i?
8
Let r(n) = -13*n - 1. Let u be r(-1). Let h(v) = -v**2 - v + 6. Let w be h(-3). Suppose 7*l - 5*l - 72 = w. What is the greatest common factor of l and u?
12
Let l be ((-12240)/(-31008))/(1/38). Suppose -150 = 2*q + 4*b - 58, -105 = 3*q - 5*b. Let n = 85 + q. What is the greatest common divisor of l and n?
15
Let w be (14 - 14/2) + 7. Let g be 52/8 - 6 - w/(-4). Let t(d) = d + 1. Let h be t(11). What is the highest common divisor of g and h?
4
Suppose -3*o + 14 + 7 = 0. Let w = 8 - o. Let q be 10/8*196/49. What is the highest common factor of q and w?
1
Suppose -3 = -3*i - 0. Let s be (i - 2)/(2/(-20)). Suppose -5*b = 4*r - 550, -2*b = -3*r - 186 - 34. What is the highest common factor of b and s?
10
Let n(x) = -x**3 - 18*x**2 + 4*x + 21. Let m be n(-17). Let p be (5/(-2) + 1)*m/18. What is the highest common divisor of p and 2?
2
Let u(y) = -248*y - 20 + 117*y + 125*y + 2*y**2. Let s be u(7). Calculate the greatest common factor of 132 and s.
12
Let o = -9086 - -19271. Calculate the greatest common factor of 210 and o.
105
Let p(u) = u**2 + 6*u. Let z be p(7). Let x(l) = l**3 - 148*l**2 - 5767*l - 210. Let g be x(-32). Calculate the highest common factor of g and z.
7
Let z(f) = f**2 + 71*f + 1267. Let d be z(-24). Calculate the highest common factor of d and 11537.
139
Suppose -652*j + 666*j - 3938 - 206 = 0. What is the highest common factor of j and 740?
148
Let p = -2 - -5. Suppose 4*d + 0*d - 48 = p*y, -5*d + 59 = -4*y. Let a(g) = g**2 + 4*g + 3. Let c be a(-6). Calculate the highest common factor of c and d.
15
Let c be (4/36*6)/(9 + 29975/(-3333)). What is the highest common divisor of 10 and c?
1
Suppose 62*m - 145000 = -38*m + 42*m. Calculate the greatest common factor of 150 and m.
50
Suppose 2*c + 10 = 26. Suppose w + 2*h - c = -0*w, -5*h = 4*w - 41. Let q(i) = -36*i - 2. Let u be q(-2). What is the greatest common divisor of w and u?
14
Let i be (-27)/(4 + (6/(-15))/(544/5560)). What is the greatest common factor of 90 and i?
18
Let s = -1178 - -835. Let p = -323 - s. What is the greatest common factor of 20 and p?
20
Let n be -2 + -1*(-16 + 2). Suppose 792 - 152 = 222*p - 26. Calculate the highest common factor of p and n.
3
Let y(k) = k**3 + 9*k**2 - 4*k + 13. Let v be y(-9). Let w = 69 - v. Let x be (-200)/(-125) - 2676